Let b(w) = 2*w**3 - w**2 - 2*w - 1. Let r be b(-1). Let c = r - -2. Suppose c = l - 2*l + 7. What is the units digit of l?
7
Suppose -1 = -2*s + 61. What is the units digit of s?
1
Let q be ((3 - 2) + -4)/(-1). Suppose -i = -3*m + 172, -q*m + 231 = m - 3*i. What is the tens digit of m?
5
Let h be -2*(9/6)/3. Let v be (-105)/12 + h/4. Let u(n) = n**3 + 8*n**2 - 11*n - 11. What is the units digit of u(v)?
7
Suppose 20*g - 16*g - 800 = -4*x, -192 = -x - 5*g. What is the tens digit of x?
0
Let y(o) = o**2 + 7*o - 3. What is the units digit of y(-9)?
5
Suppose 4*a - 8*a - 16 = 0. What is the units digit of (-1)/a - (-18)/24?
1
Let p be (-1 - 0)/((-1)/(-13)). Let t = 21 + p. What is the units digit of t?
8
Let l(d) = -d**2 - 10*d. Let s be 1/(2*1/(-12)). What is the tens digit of l(s)?
2
Let y(o) be the first derivative of -3*o**4 + o**3/3 - o**2/2 - o - 2. Let w(a) = a**2 + 7*a + 5. Let j be w(-6). What is the tens digit of y(j)?
1
What is the tens digit of 0 + (-9726)/(-27) + (-10)/45?
6
Suppose -68 = 3*r + 2*i - 347, -93 = -r - 5*i. What is the tens digit of r?
9
Suppose 1 + 7 = 4*u. Suppose 4*f - x - 60 = 11, 2*f = -u*x + 38. What is the units digit of f?
8
Suppose 5*r = 3*r + 4. Suppose -q = r*q - 57. What is the units digit of q?
9
Let a(s) = -s**2 + 5. Let v be a(0). Suppose 3*o - v*o + 4 = 0. Suppose o*r + 1 = 3*w - 4, -r - 4*w = -14. What is the units digit of r?
2
What is the units digit of -2 + 2/(-2) - -6?
3
Let k(g) = -2*g**2 - 4*g + 2. Let q(b) = -3*b**2 - 7*b + 5. Let o(r) = -5*k(r) + 3*q(r). What is the units digit of o(3)?
1
Let d(r) = r**3 - 6*r**2 + 2*r. Let y(x) = 5*x**2 + 1. Let t be y(1). What is the tens digit of d(t)?
1
Suppose 42 = o + 34. Suppose o + 7 = 3*z. What is the units digit of z?
5
Let f = 34 + -22. Let w = f + -7. Suppose 5*b + 24 = 2*g, 5*b + 23 = w*g - 22. What is the units digit of g?
7
Let a(g) = g**2 + 2*g + 2. Suppose d = q - 1, -d - 2 = 2*q + 8. What is the units digit of a(q)?
5
Suppose -4*a - 9 + 145 = 0. What is the units digit of a?
4
Suppose 0*j = -3*j + 5*a - 20, 3*a - 28 = 5*j. Let v = j + 7. What is the units digit of v?
2
Let l(h) = h**3 - 16*h**2 + 6*h - 18. What is the units digit of l(16)?
8
Let r(c) = -c**3 + c**2 + 3*c - 2. Let f be r(3). Let m(i) = -3*i + 15. What is the tens digit of m(f)?
4
Suppose -2*a - 88 = -4*a. What is the units digit of a?
4
Suppose -2 = x - 5*d + 1, x + 4*d + 21 = 0. Let q = x + 49. Suppose -q = -4*y + 5*k - k, -5*k - 13 = -y. What is the units digit of y?
8
Let d = -2 + 6. Suppose 5*f = -d*z + 12, 3*z + 2*f - 15 = -2*z. Suppose 0 = z*j - 4*c - 31, 5*j - 2*c + 16 = 49. What is the units digit of j?
5
Let s = 72 + 3. What is the units digit of s/9 - (-1)/(-3)?
8
Let d = -26 + 11. Let g = -8 - d. Suppose -47 = -5*u - g. What is the units digit of u?
8
Let k(j) = -j**3 - 9*j**2 + 8*j - 3. Let p(o) = -o**2 - 1. Let l(r) = -k(r) + 2*p(r). What is the units digit of l(-8)?
1
Suppose 2*l - 300 = -4*l. What is the units digit of l?
0
Suppose 176 = -7*y + 11*y. What is the units digit of y?
4
Suppose -2*d - 4 = -2*a, -5*a - 11 = -2*d - 3. Let q = 10 + d. Suppose q*n = -2*i + 24, i - 40 = -3*n + 5*i. What is the units digit of n?
8
Suppose 2*y - 17 = -5*b + 6*y, 21 = 3*b + 3*y. Suppose 0*x - 50 = -b*x. What is the units digit of x?
0
Let m = -34 - -50. What is the tens digit of m?
1
Suppose 4*p + 23 = 3*u + 216, -5*u + 169 = 4*p. What is the tens digit of p?
4
Let v(p) = -p**2 + 22*p - 16. What is the units digit of v(21)?
5
Let q = 23 + -14. Let k(p) = 2*p + 4. What is the tens digit of k(q)?
2
Let c be (-10 + 8)/(-1 - 0). Suppose -27 = -c*m - l, -5 = l - 0*l. What is the units digit of m?
6
Suppose -5*u + 2*u = 3. Let x(s) = 2*s + 10. Let b be x(-5). Let l = b - u. What is the units digit of l?
1
Let t(h) = h**3 + 7*h**2 + 5*h - 7. Let z be t(-5). What is the units digit of (z/(-5))/((-10)/25)?
9
Suppose -2*m = -4*m + 34. What is the tens digit of m?
1
Suppose -2*r + 9*r = 1071. What is the tens digit of r?
5
Suppose -v + 0 = -2. Suppose -v*h + 36 = -n + 4*n, -4*h = 0. What is the tens digit of n?
1
Let u(x) = 4*x**3 + x**2 - 10*x**2 + 8 - 3*x**3 - 4*x**2 + 12*x. What is the units digit of u(12)?
8
Let p be 0 + -2 + (-16 - 4). Let r = 10 - p. What is the tens digit of r?
3
Suppose 0*o - 3*o + 39 = 0. Let f = o + -5. What is the units digit of f?
8
Let d = 2 - -2. Let m be 18/d*32/(-12). Let u = -2 - m. What is the units digit of u?
0
Let o be -1 + 3/((-6)/(-4)). Let h be o + 0 + 1 + 0. Suppose 5*u - 16 = 4, g - 15 = -h*u. What is the units digit of g?
7
Suppose -4*d - 16 = 0, 0*d + 4 = -3*z - d. Let y(b) = -b**3 + 23. Let l be y(z). Suppose 0 = -3*u + 4*j + l, 2*u + 3*u - j = 44. What is the units digit of u?
9
Let v(z) = -3*z - 4. Let u(k) = -5*k - 7. Let a(c) = 4*u(c) - 7*v(c). Let d be a(3). Suppose -r = -d*r + 8. What is the units digit of r?
4
Suppose -4*h - 26 = h + 4*w, -h = w + 5. What is the units digit of h/4*4/(-3)?
2
Let p(l) = 26*l + 1. Let y be p(1). Suppose -y = 3*d - 93. What is the tens digit of d?
2
What is the tens digit of -2*8*-3 + 1?
4
Let y(b) = -b**3 - 9*b**2 + 8*b + 8. What is the tens digit of y(-10)?
2
Let b(l) = -2*l. Let s be b(-1). Suppose 40 = s*t + 3*t. What is the units digit of t?
8
Let h(f) = -f**2 - 8*f + 5. Let x be ((-9)/4)/(12/32). What is the tens digit of h(x)?
1
Suppose 5 - 13 = -2*p. Suppose 2*n = -2, p*g = -4*n + n + 189. What is the tens digit of g?
4
Suppose 4*s + 5*j + 27 = 2*j, 3 = -3*j. Let y = s - -8. What is the units digit of y?
2
Let c(d) = 60*d**3 + d**2 - 2*d + 1. Let b be c(1). Suppose -3*v + 27 = -b. What is the tens digit of v?
2
Let x be (-8)/12*-9*1. Suppose f = 2*w - x*w + 33, 7 = w - f. Suppose c + w = 4*r - 3*c, -r + 2*c = -3. What is the units digit of r?
1
Suppose 0 = 3*x + 2*m + 2*m - 23, 5*x - 3*m + 10 = 0. Let d = x - 2. What is the units digit of (-1 + 2)/(d/(-4))?
4
Let o = 164 - -133. What is the units digit of o?
7
Let k = -11 - -18. What is the units digit of k?
7
Suppose 13*b - 10*b = 183. What is the tens digit of b?
6
Suppose 3*b = 4*b - 41. What is the units digit of b?
1
Let k(t) = -t**3 + 4*t**2 - 2*t - 2. Suppose 3*r + r = 12. What is the units digit of k(r)?
1
Let q(k) = k**3 - 6*k**2 + 4*k - 6. Suppose 0 = p - 3*f - 9, -2*p = -0*p + 3*f - 9. What is the units digit of q(p)?
8
Let p = -8 - -10. Suppose -d = p - 5. Suppose 0 = 4*g - d*f - 36, -g + 2*f + 14 = -0*f. What is the units digit of g?
6
What is the units digit of (-3)/(0 - 12/20)?
5
Suppose 5*f - 24 = -5*i - 4, 3*f - 4*i = 12. What is the tens digit of f/(-6) + 131/3?
4
Suppose -9*n + 1026 = -0*n. What is the tens digit of n?
1
Let y be (-1)/3 - (-26)/(-3). Let h(f) = f + 10. What is the units digit of h(y)?
1
Let d(h) = h**3 + 4*h**2 - h + 1. Suppose 3*k - 5*w + 34 = 0, -4*w - 4 + 33 = -3*k. What is the units digit of d(k)?
3
Let d be 1*(1 - 3 - -7). Suppose -s + 16 = d*u, 0 = 2*u - 3*s - s - 2. What is the units digit of u?
3
Let a(x) = x**3 + 6*x**2 + 6*x + 4. Let c be a(-5). Let f be c/(-2) - (-7)/2. Suppose -f = -0*d - d. What is the units digit of d?
4
Let s(a) = 2*a**2 + 2*a + 1. Let f = -11 - -18. Suppose f*i - 6*i - 2 = 0. What is the tens digit of s(i)?
1
Let i(q) = 2*q - 10. Let r be i(7). Suppose 0 = r*c + 4*j - 88, -3*j + 24 = c - j. What is the tens digit of c?
2
Suppose 0*g = -g - c + 19, 3*g = 3*c + 57. Suppose 3*d - 3*w - g = -2*w, -4*d + 3*w = -27. What is the units digit of d?
6
Let p = 221 - 130. What is the tens digit of p?
9
Let p = -3 - -31. Suppose j = -5*l + 38, 2*j - 126 = l - p. What is the tens digit of j?
4
Suppose a - 3*a = -6, -4*d + 2*a = -2. Let c = d - -1. What is the units digit of c?
3
Suppose 0 = -2*v + 10. What is the units digit of v?
5
Let n be (10/4)/((-4)/16*-2). Suppose 2*y + 3*y = -4*w + 39, 5*y - 27 = -2*w. Suppose -w + 31 = n*a. What is the units digit of a?
5
Suppose -1 - 2 = -h + 5*b, -h = 2*b - 3. Suppose -j = 2 - h. What is the units digit of j?
1
Let w be 3/((-22)/(-8) + -3). What is the units digit of (-106)/(-12) - 2/w?
9
Let s(m) = 20*m**2 - 1. What is the tens digit of s(1)?
1
Suppose -10 = -g - 1. Let d be ((-15)/g)/((-2)/(-6)). Let z(f) = f**3 + 6*f**2 + 4*f - 4. What is the units digit of z(d)?
1
Let c = 17 - 33. Let k = -2 - c. What is the units digit of k?
4
Suppose 4*t + 4